 - -5). Suppose 0 = -5*y - n*f + 17, 3*f = -3*y - 0*f + 9. Suppose 9*k - y*k = 270. Calculate the remainder when k is divided by 28.
26
Let b = -5 - -21. Let r = -23 + b. Let i(d) = d**3 + 7*d**2 - 2*d + 6. Calculate the remainder when 58 is divided by i(r).
18
Let q = 64 - 54. Suppose 11 = -q*c + 51. Calculate the remainder when c is divided by 3.
1
Let p(m) = -26*m + 316. Calculate the remainder when 476 is divided by p(6).
156
Let x = 27 - 46. Let d = 35 + x. Let q = 8 - -22. Calculate the remainder when q is divided by d.
14
Let b = -2 + 5. Suppose -b*h + 6 + 24 = 0. Calculate the remainder when h is divided by 4.
2
Let f(t) = -30*t - 18. What is the remainder when 70 is divided by f(-2)?
28
Suppose 4*p - 122 = -50. What is the remainder when p is divided by 9?
0
Let q = -49 - -110. Let v = 24 + -8. What is the remainder when q is divided by v?
13
Suppose 176 = 4*u - 3*f, -4*u - 28 = 4*f - 232. Calculate the remainder when u is divided by 12.
11
Suppose -2*y - d + 10 = 0, 2*y + 3*d + d = 16. Suppose 0 = -5*f - 10, -5*x + 4*x + 2*f + 18 = 0. What is the remainder when x is divided by y?
2
Suppose -10*w = -5*w - 270. Let g = 27 + w. Suppose -3*t + g = 4*h + 2*t, 5*t = -2*h + 53. What is the remainder when h is divided by 4?
2
Suppose -5*a - 12 = -3*o - 20, -3*o = 3*a - 24. Calculate the remainder when o is divided by 1.
0
Let w(f) = 104*f + 64. What is the remainder when w(8) is divided by 29?
26
Let v be (5 - 53)*2/(-3). Suppose -12 - v = -4*l. Calculate the remainder when l is divided by 6.
5
Let b = 18 - 25. Let a(w) = 32*w**2 - 4*w + 2. What is the remainder when a(1) is divided by 8/(((-28)/8)/b)?
14
Suppose 2*q - 80 = -6*q. Let p(s) = -s + 3. Let a(v) = -2*v + 7. Let u(g) = 2*a(g) - 5*p(g). What is the remainder when 16 is divided by u(q)?
7
Let o be (9/6)/((-1)/14). Suppose 200 = 9*t - 79. Let k = o + t. Calculate the remainder when 19 is divided by k.
9
Let y(x) = -x**2 + 27*x + 50. Calculate the remainder when 146 is divided by y(27).
46
Suppose 56 = 4*b - 24. Suppose 5*p - b - 10 = 0. What is the remainder when p is divided by 6?
0
Suppose -8*r - r = -63. Let s(x) = -x**2 + 10*x - 14. Calculate the remainder when s(r) is divided by 3.
1
Suppose 4*f - 19*z + 21*z = 170, -44 = -f - z. Calculate the remainder when f is divided by 14.
13
Let c(r) = -20*r - 490. What is the remainder when 1088 is divided by c(-25)?
8
Suppose 0 = -i + 3 - 4, -529 = -5*d - i. Let l = 75 - 57. Calculate the remainder when d is divided by l.
16
Suppose -3*t + 0*t = 0. Suppose t = -l - r + 3*r + 18, -3*r = -5*l + 111. Calculate the remainder when l is divided by 777/148 + (-1)/4.
4
Suppose -9*u + 291 = 246. Calculate the remainder when 272 is divided by u.
2
Suppose 232 + 818 = 50*z. What is the remainder when 140 is divided by z?
14
Let n(r) = 1 - 14 - 8*r + 8*r**3 - 9*r**3 - 14*r**2 - 7*r. What is the remainder when 21 is divided by n(-13)?
8
Let u = 2 + 51. Calculate the remainder when 227 is divided by u.
15
Let i be 50*(14/(-4) - -4). Suppose -18*w + i*w = 413. Calculate the remainder when w is divided by 9.
5
Suppose -3*k + 153 = -0*k. Suppose 662*o = 664*o - 26. Calculate the remainder when k is divided by o.
12
Let s = -101 - -113. Suppose -11*g = -s*g + 65. Calculate the remainder when g is divided by 18.
11
Suppose 28*b + 867 = 79*b. Suppose -5*k + 9 + 94 = 2*o, k - 59 = -o. What is the remainder when o is divided by b?
13
Let d = -133 - -385. What is the remainder when d is divided by 2?
0
Suppose -32*o + 25*o = -2807. What is the remainder when o is divided by 133?
2
Suppose -f - c + 127 = 0, 3*f + 5*c = -65 + 436. What is the remainder when f is divided by (-14)/49*-119*1?
30
Let f = -1 - 0. Let w(g) = -20*g**3 - 2*g**2 - g. Let z = 34 + -27. What is the remainder when w(f) is divided by z?
5
Let y(o) = 2*o + 1. Let t be y(3). Suppose t*n - 72 = 5. Calculate the remainder when 17 is divided by n.
6
Calculate the remainder when 137 is divided by -4 + 4 - 2 - -30.
25
Let i(u) = -u**2 + 9*u - 6. What is the remainder when 191 is divided by i(4)?
9
Suppose 0*w = 5*w + 80. Let l be ((-2)/(-3))/(w/(-24)). What is the remainder when 4/2 + 52*l is divided by 19?
16
Let v(z) = z**3 - 5*z + 13. What is the remainder when v(7) is divided by 36?
33
Suppose -4*o - 96 = -2*v, 2*o = -4*v - 0*v + 152. Calculate the remainder when -9 + 169 + -1*2 is divided by v.
38
Let s = 610 + -589. What is the remainder when 1028 is divided by s?
20
Let v(q) = 12*q**2 - 13*q - 37. What is the remainder when v(5) is divided by 20?
18
Let b(k) = k**3 - 6*k**2 + 6*k + 6. Suppose 0 = -4*o + 36. Suppose o = c + 3. Calculate the remainder when b(c) is divided by 11.
9
Let w = 10 - 8. What is the remainder when w/(-3) + (-2330)/(-30) is divided by 16?
13
Suppose 5*d - 10*d = -370. Let y = -38 + d. Calculate the remainder when 106 is divided by y.
34
Calculate the remainder when (26/3)/((-52)/(-1248)) is divided by 36.
28
Let b = -84 - -82. Calculate the remainder when 133 is divided by b + 3 + 39 + 5.
43
Suppose -5*q - 53 = z - 0*z, -28 = 2*q - 3*z. Let d = q + 22. What is the remainder when 19 is divided by d?
8
Suppose -g + 915 + 535 = 0. Calculate the remainder when g is divided by 11.
9
Suppose 0 = 15*l - 7*l - 4560. Suppose -4*t = 6*t - l. Calculate the remainder when t is divided by 12.
9
Suppose 377 = 8*g - 15. What is the remainder when g is divided by 27?
22
Let p = 1119 - 1097. Suppose -25 = -j - 3*r, 3*j + 3*r - 48 = 3. Calculate the remainder when p is divided by j.
9
Let l be 182/39*(4 - 1). Let p = 24 - l. Calculate the remainder when 1/1 + -1 - -37 is divided by p.
7
Suppose 0 = -2*d - 2 - 2. Let s be ((14 + 2)*d)/(-1). Let n = s - 20. Calculate the remainder when 22 is divided by n.
10
Let g be (-4 - -1)/(6/(-26)). Let h = g - 10. Suppose -3*x + 6 = -h. What is the remainder when 13 is divided by x?
1
Let q = 2190 + -1919. What is the remainder when q is divided by 17?
16
Let q(m) = -m**2 + 12*m - 13. Let c be q(11). Let s be c/(-9) - (-96)/54. Let j = 5 + s. Calculate the remainder when 18 is divided by j.
4
Let p = -2 + 42. Suppose 0 = 2*a + z - p, a - 2 = -3*z + 13. What is the remainder when 62 is divided by a?
20
Suppose -4*v + 87 - 375 = -4*z, -7*z + 474 = -v. Calculate the remainder when (3/9)/((-1)/(-597)) is divided by z.
65
Suppose 4*a - 69 = -4*i + 3*a, 105 = 5*i - 5*a. Let t = i - 17. Let s = 30 - t. Calculate the remainder when s is divided by 10.
9
Suppose 0 = 5*s + 15, -4*q + 4*s + 2 = -86. What is the remainder when 796 is divided by q?
17
What is the remainder when (4/(-18))/(6/(-36))*51 is divided by 21?
5
Let i be (-1)/6 + 86/12. What is the remainder when 23 is divided by (-82)/(-7) + 2/i?
11
Let x be ((-5)/((-150)/18))/(1/5). Let j = 10 - x. Calculate the remainder when 47 is divided by j.
5
Let q(h) = -h**2 + 26*h - 142. What is the remainder when 228 is divided by q(17)?
8
Let h = -6 + 10. Suppose -2*n + 24 = 2*u - 6*u, n - h*u = 14. Let d(o) = -o**3 + 13*o**2 + 29*o + 44. Calculate the remainder when d(15) is divided by n.
9
Let w = 24 - -19. Calculate the remainder when w is divided by (-12 - -11)/((-3)/45).
13
Suppose 9*p - 126 - 9 = 0. Let r = 26 - -61. Calculate the remainder when r is divided by p.
12
Suppose 20 = 4*x + 4*s + s, -2*x - 12 = -3*s. Suppose -4*k + 23 = 3*q - 0*q, -3*k - 4*q + 26 = x. What is the remainder when 9 is divided by k?
1
Let p(q) be the third derivative of -3*q**4/8 - q**3/2 + 3*q**2. Let f be p(-2). Let i = 16 - f. What is the remainder when 3 is divided by i?
0
Suppose -5*g = -43 - 297. What is the remainder when 406 is divided by g?
66
Let k(l) = -6*l + 32. Let j be k(5). Suppose -43 + 5 = -j*p. Calculate the remainder when 94 is divided by p.
18
Suppose 3 = 3*m + 4*d + 7, -21 = 2*m - d. Calculate the remainder when m/(-60) - (-3890)/75 is divided by 11.
8
Let f = -16 - -28. What is the remainder when 1*(-119)/(-7) + 6 is divided by f?
11
Suppose 19*u - 33*u = -560. What is the remainder when u is divided by 17?
6
Let w(l) = -l**2 - 11*l - 5. Let v be w(-10). What is the remainder when (-16)/(-10)*15/2*v is divided by 22?
16
Let z(s) = 46*s**3 + s**2. Let r(a) = a**2 - 10*a - 8. What is the remainder when z(1) is divided by r(12)?
15
Suppose -351 - 129 = -20*k. What is the remainder when 165 is divided by 